s 158941 a prime number?
True
Is 8522 a composite number?
True
Is 99001 a prime number?
False
Is 33563 a composite number?
False
Is 452923 composite?
False
Is 1070153 composite?
True
Is 3263 a prime number?
False
Is 757651 a prime number?
True
Is 122243 composite?
True
Is 15595 composite?
True
Is 127763 composite?
False
Is 5147 a prime number?
True
Is 16921 prime?
True
Is 10847 a prime number?
True
Is 6677 prime?
False
Is 55969 prime?
False
Is 54865 a prime number?
False
Is 42503 composite?
True
Is 1386757 a prime number?
True
Is 120437 a composite number?
True
Is 106247 prime?
False
Is 1766911 prime?
True
Is 1906 prime?
False
Is 369407 a composite number?
False
Is 1053943 a prime number?
False
Is 146257 prime?
False
Is 204353 prime?
True
Is 2179 a prime number?
True
Is 66169 prime?
True
Is 906842 prime?
False
Is 2479 a prime number?
False
Is 19607 a composite number?
True
Is 30757 a prime number?
True
Is 650495 prime?
False
Is 1139353 composite?
False
Is 315895 a composite number?
True
Is 44369 composite?
True
Is 19567 prime?
False
Is 82583 composite?
True
Is 561019 a prime number?
True
Is 500902 composite?
True
Is 1007 prime?
False
Is 670771 prime?
False
Is 101671 a composite number?
True
Is 87551 a composite number?
True
Is 516349 a prime number?
True
Is 38551 prime?
False
Is 1194671 a composite number?
False
Is 26737 a composite number?
False
Is 66769 prime?
False
Is 1229 a prime number?
True
Is 105727 a prime number?
True
Is 1361 a prime number?
True
Is 10573 a composite number?
True
Is 21653 prime?
False
Is 953 composite?
False
Is 1087613 a composite number?
True
Is 33311 prime?
True
Is 2591 composite?
False
Is 64063 a prime number?
True
Is 2459 a prime number?
True
Is 997 a composite number?
False
Is 196247 composite?
False
Is 1034939 composite?
True
Is 8509 prime?
False
Is 422391 prime?
False
Is 7411 a composite number?
False
Is 7319 composite?
True
Is 550707 composite?
True
Is 22297 a prime number?
False
Is 13859 a composite number?
False
Is 12641 a composite number?
False
Is 126541 a composite number?
False
Is 24065 a prime number?
False
Is 2149 a prime number?
False
Is 48673 a prime number?
True
Is 152363 composite?
False
Is 126307 a prime number?
True
Is 101731 prime?
False
Is 448097 composite?
True
Is 4729 a composite number?
False
Is 31807 composite?
True
Is 5053 prime?
False
Is 1138637 composite?
False
Is 613 a composite number?
False
Is 18263 a prime number?
False
Is 9677 a composite number?
False
Is 201029 a prime number?
False
Is 1574791 prime?
True
Is 185221 prime?
True
Is 376741 prime?
False
Is 5815 a prime number?
False
Is 93643 a prime number?
False
Is 107833 composite?
True
Is 791731 a prime number?
False
Is 27997 prime?
True
Is 4861 a composite number?
False
Is 489166 a composite number?
True
Is 77171 prime?
True
Is 102965 composite?
True
Is 212161 prime?
True
Is 2947 composite?
True
Is 336646 a composite number?
True
Is 1151 a composite number?
False
Is 94889 composite?
False
Is 201431 composite?
True
Is 12389 composite?
True
Is 70483 a composite number?
True
Is 285629 prime?
True
Is 1352761 prime?
True
Is 27049 prime?
False
Is 449 a composite number?
False
Is 80513 a composite number?
False
Is 61179 prime?
False
Is 614093 composite?
False
Is 68377 prime?
False
Is 2597209 a prime number?
False
Is 881057 composite?
False
Is 209431 a composite number?
False
Is 42589 a prime number?
True
Is 279289 composite?
True
Is 34499 a composite number?
False
Is 22789 a prime number?
False
Is 129547 a prime number?
False
Is 54709 prime?
True
Is 39751 prime?
False
Is 1379 a prime number?
False
Is 2119 prime?
False
Is 8279 a prime number?
False
Is 474139 a composite number?
True
Is 24407 a composite number?
False
Is 52727 a prime number?
True
Is 650609 a composite number?
False
Is 97771 composite?
False
Is 30731 a prime number?
False
Is 3398 a composite number?
True
Is 65791 a composite number?
True
Is 631 a prime number?
True
Is 426301 composite?
False
Is 911819 a prime number?
True
Is 184519 prime?
False
Is 23971 composite?
False
Is 42899 a composite number?
False
Is 2633 composite?
False
Is 22583 composite?
True
Is 45737 a composite number?
False
Is 6457 a prime number?
False
Is 405865 a composite number?
True
Is 2124173 prime?
True
Is 3659 prime?
True
Is 1087 composite?
False
Is 60281 composite?
True
Is 2149279 prime?
False
Is 1621 composite?
False
Is 53581 a composite number?
True
Is 364373 a prime number?
True
Is 35331 a prime number?
False
Is 430091 composite?
False
Is 879449 a composite number?
False
Is 13379 composite?
True
Is 188753 a prime number?
True
Is 149239 composite?
False
Is 25693 composite?
False
Is 7621 composite?
False
Is 2830367 a composite number?
False
Is 1211 prime?
False
Is 321647 a composite number?
False
Is 232253 a prime number?
False
Is 1337 prime?
False
Is 166139 a composite number?
True
Is 2927 prime?
True
Is 548945 a prime number?
False
Is 308887 composite?
False
Is 326545 a prime number?
False
Is 6126635 composite?
True
Is 15758 a prime number?
False
Is 8191 composite?
False
Is 731851 composite?
False
Is 18797 a prime number?
True
Is 1655 composite?
True
Is 97107 a prime number?
False
Is 740923 a composite number?
False
Is 34559 a composite number?
True
Is 31699 a prime number?
True
Is 1513 a prime number?
False
Is 2345017 composite?
False
Is 1195078 a composite number?
True
Is 7727 a prime number?
True
Is 24283 composite?
True
Is 86647 prime?
False
Is 17165 a composite number?
True
Is 12799 composite?
False
Is 50821 prime?
True
Is 13613 composite?
False
Is 5987 prime?
True
Is 81737 a prime number?
True
Is 31961 prime?
False
Is 2831 a composite number?
True
Is 16145 a composite number?
True
Is 709193 a prime number?
False
Is 105053 a composite number?
True
Is 2231 a composite number?
True
Is 4609 a composite number?
True
Is 226923 a composite number?
True
Is 198553 composite?
False
Is 221033 composite?
True
Is 134243 composite?
False
Is 73259 prime?
True
Is 754399 composite?
False
Is 104147 a prime number?
True
Is 27163 a prime number?
False
Is 144637 a prime number?
False
Is 14779 a composite number?
False
Is 52019 prime?
False
Is 20911 composite?
True
Is 32599 composite?
True
Is 17411 composite?
True
Is 114859 composite?
False
Is 3678085 a composite number?
True
Is 13513 prime?
True
Is 179161 composite?
False
Is 731 composite?
True
Is 4751 a composite number?
False
Is 298019 prime?
False
Is 93683 a composite number?
False
Is 1273663 a composite number?
False
Is 4124713 composite?
True
Is 8213 prime?
False
Is 41597 a prime number?
True
Is 39803 composite?
True
Is 498763 a prime number?
False
Is 36233 composite?
True
Is 116111 composite?
True
Is 1032151 prime?
True
Is 34147 a prime number?
True
Is 6737 composite?
False
Is 1244771 prime?
False
Is 998647 prime?
False
Is 165229 a composite number?
False
Is 4469 composite?
True
Is 2927 prime?
True
Is 76667 prime?
True
Is 118343 a composite number?
False
Is 172813 prime?
False
Is 2084501 prime?
True
Is 83491 a prime number?
False
Is 239 prime?
True
Is 16519 a composite number?
False
Is 137267 prime?
False
Is 26359 composite?
True
Is 41803 a composite number?
True
Is 9599 a composite number?
True
Is 19853 composite?
False
Is 123121 prime?
True
Is 24573 prime?
False
Is 95947 a prime number?
True
Is 6247 a prime number?
True
Is 11057 a prime number?
True
Is 22205 a prime number?
False
Is 10306 prime?
False
Is 181243 a prime number?
True
Is 36541 a prime number?
True
Is 358723 prime?
True
Is 5779 prime?
True
Is 43573 a prime number?
True
Is 326437 composite?
False
Is 724769 composite?
False
Is 19901 prime?
False
Is 42037 a composite number?
True
Is 1685809 prime?
True
Is 471011 composite?
True
Is 1639 prime?
False
Is 10973 composite?
False
Is 37939 a prime number?
False
Is 2662943 prime?
True
Is 200815 composite?
True
Is 65213 composite?
False
Is 10559 a composite number?
False
Is 163 a prime number?
True
Is 37481 a prime number?
False
Is 14281 a composite number?
False
Is 15491 composite?
True
Is 1445699 a prime number?
True
Is 108502 a composite number?
True
Is 27179 a composite number?
False
Is 459177 a prime number?
False
Is 1921751 a prime number?
False
Is 913511 prime?
False
Is 29789 prime?
True
Is 15133 composite?
True
Is 5025857 prime?
True
Is 4441